ts digit of a(6)?
6
Suppose -35*n + 44*n - 172242 = 0. What is the units digit of n/12 + -1*10/(-60)?
5
Suppose 2*j = 4*d + 34, j - 5*d = -3*j + 62. Suppose -j*g - 1212 = -9*g. Let f = -93 - g. What is the hundreds digit of f?
2
Suppose 38764 = 12*l - 9476. What is the tens digit of l?
2
Let w(b) = 177*b**3 + 5*b**2 - 23*b + 47. What is the thousands digit of w(3)?
4
Let p(c) = 15*c + 624. What is the units digit of p(-13)?
9
Let p(b) = 8*b - 42. Let q be p(5). Let y be 12/(-8) - 1/q. What is the tens digit of y/3*197*-3?
9
Let d be (-13)/((-39)/1260)*(-2 - -5). What is the tens digit of ((-1)/(6/d))/(-2)?
0
Suppose 265*w - 427796 = 324*w - 4004966. What is the units digit of w?
0
Let d = 3291 - 1734. Let m = d - 381. What is the thousands digit of m?
1
Suppose -5 + 65 = -2*d. Let t = 1605 + -1529. What is the tens digit of (-1555)/d + (-3 - t/(-24))?
5
Suppose 294 = 5*x - 3*c, 2*x + 2*x - 3*c = 234. What is the hundreds digit of (-3 - -8)*(-8)/x*-807?
5
Let g(k) = -k**3 + k**2 + 2*k + 2. Let l = 5 + -5. Let q be g(l). Suppose 8*m = -q + 114. What is the units digit of m?
4
Suppose -4*j + 7 - 312 = 5*o, 3*j - 2*o = -200. What is the units digit of j/(-15)*(-1)/((-10)/165)?
7
Suppose 0*r - 175 = 5*i + 2*r, -3*i = r + 105. What is the tens digit of (56/i)/(2/(-315))?
5
What is the thousands digit of 4049 - (-11 + 6 + 4/(-1 - -3))?
4
Suppose 174226 + 487964 + 187980 = 30*t. What is the thousands digit of t?
8
Let k(a) = -624*a + 72. Let b be 2/((-6)/95) + 11/(-33). Let d(f) = -96*f + 11. Let g(y) = b*d(y) + 5*k(y). What is the hundreds digit of g(-2)?
1
Let h(t) = t**3 - 21*t**2 + 35*t + 17. Let z(p) = 2*p**3 - 42*p**2 + 70*p + 33. Let i(f) = -13*h(f) + 6*z(f). What is the tens digit of i(19)?
3
Let x be 6 + ((-21)/14 - (-1)/(-2)). Suppose 2*k - 62 = x*o, -k + 22 = 2*o - 7*o. What is the tens digit of k?
3
What is the hundreds digit of 156/13 - 8 - -749?
7
Suppose -18380 = -7*z + 751. Suppose -7373 = -8*n - z. What is the tens digit of n?
8
Suppose 63*k - 30*k - 17028 = 0. Let q = 476 + k. What is the hundreds digit of q?
9
Suppose -142*s + 2142014 = 577287 - 1659667. What is the hundreds digit of s?
7
Suppose 5*n = -4*i + 1442, -8*i + 6*i + 2*n = -712. What is the hundreds digit of i?
3
What is the ten thousands digit of 12633344/854 - 2/14?
1
Let a be (-2160)/(-35) - (-2)/7. Suppose -4*i - a = -246. Suppose -149 = -5*x + i. What is the tens digit of x?
3
Let z(o) = 4*o**3 + 2*o**2 - 1. Let i be z(0). What is the units digit of (605/110)/(i/(-70))?
5
Suppose 13*n + 6*n = 318625 + 22330. What is the hundreds digit of n?
9
Let q = 383 - 131. Suppose 3*n - q = 4*a, 5*a - 179 + 493 = 4*n. Let c = 114 + a. What is the units digit of c?
8
Let n be ((-423)/(-6))/(7/770). Suppose -6*a - n = -17*a. What is the units digit of a?
5
Suppose -78*c = -118*c - 98*c + 120060. What is the units digit of c?
0
Let k be 2211/3 + -9 + 4 + 2. Let y = 15 + k. What is the hundreds digit of y?
7
Suppose 2*a + 68 = -z, -a - 5*z = -3*a - 92. Let i = -32 - a. What is the hundreds digit of 189 - ((i - 12) + 5)?
1
Suppose 3*x + 5580 = 18*x. Suppose -4*s - 4*i - 60 = -x, i - 4 = 0. What is the tens digit of s?
7
Let r = 2279 + -1400. Suppose 5*m - r = 3*v + 194, -m + 4*v = -218. What is the units digit of m?
4
Let d be ((-27)/6)/((-2)/(-4)). Let u = d - -13. Suppose -5*i + 304 = 4*n - 269, u*i - 2*n = 448. What is the hundreds digit of i?
1
Suppose -6*f + 3672 = 6*f. What is the tens digit of -2 - (-1 - f - -1)?
0
Let w(u) be the third derivative of 5*u**4/2 + 16*u**3/3 + 10*u**2. What is the units digit of w(4)?
2
Let x(m) = -75 + 19*m + 3*m**3 + 11*m**2 - 10*m**2 - 29*m**2. What is the hundreds digit of x(10)?
3
Suppose 0 = 4*l - 16, 2*l = -3*j + 41257 + 18004. What is the ten thousands digit of j?
1
Suppose -d + 136 = -f, -16*f + 17*f = 2*d - 270. Suppose 2637 = 137*i - d*i. What is the tens digit of i?
7
Let a = 6567 - -580. What is the tens digit of a?
4
What is the hundreds digit of 54718/6 - 45/((-2430)/(-36))?
1
Let x be ((-24)/20)/(4*18/(-240)). Suppose 2*p + x*c = 170, p - 3*c = -p + 163. What is the tens digit of p?
8
Let p(o) = 111*o**2 + 151*o - 1120. What is the tens digit of p(7)?
7
Let w(z) = 118*z - 6. Let j be w(50). Suppose l - 3*u - 1456 = u, 0 = 4*l - 2*u - j. What is the units digit of l?
6
Let p(v) = 7*v + 226. Suppose -5*m - 2*k - 10 + 166 = 0, 0 = -4*k + 12. What is the tens digit of p(m)?
3
Let y be 9/3*(-5 - -6). Suppose y*b = -b. Suppose 2*w - 4*w - 5*f + 203 = b, -5*w - 2*f = -518. What is the hundreds digit of w?
1
Suppose 0 = -5*f + 4*v + 34763, 43*f = 48*f - 5*v - 34760. What is the hundreds digit of f?
9
Let f = 1694 + 33993. What is the hundreds digit of f?
6
Let i(h) = 13*h**2 + 4*h + 13. Let b(l) = l**2 + l + 1. Let w(t) = -2*b(t) + 2*i(t). Let y be w(-6). Suppose 19*z - y = 15*z. What is the units digit of z?
3
Let u be 10/30*(2799 + 0). Let o = u + -844. What is the tens digit of o?
8
Suppose 5015*c = 5001*c - 196. Suppose -2*n + 39 = 2*n - 5*a, -4*n + 30 = -2*a. What is the tens digit of 67 - (-7)/(c/n)?
6
Let x = -15136 + 77554. What is the thousands digit of x?
2
Let o be (-5)/(-3)*12*3/15. Suppose 1885 - 141 = o*x. What is the tens digit of x?
3
Suppose 386 + 229 = 5*d. Suppose w - 2*y - d = 0, 4*w + 3*y - 492 = -0*w. Suppose 6*g + w = 1107. What is the tens digit of g?
6
Let r = -66 + 81. Let a(j) = -7 - 7*j**2 - 2*j**2 + r*j**2 + 3*j**2 - 3*j. What is the tens digit of a(-2)?
3
Let f = -2 - 9. Let l(p) = 10*p - 7*p - 4*p - 13*p - 3. What is the hundreds digit of l(f)?
1
What is the units digit of ((-1)/(-2))/((-1191740)/148968 + 4 + 4)?
1
Let o(s) = -13*s**2 - 52*s + 46. Let a be o(-18). Let x = -2226 - a. What is the hundreds digit of x?
0
Let o(u) = 156*u + 1164. What is the units digit of o(23)?
2
Suppose -w + 15 = 2*w. Suppose 2*p - 2*y - 32 = 0, -6*p + p - w*y = -100. Suppose 0*s + p = 3*s. What is the units digit of s?
6
Suppose -6*x - 509 = 139. Let a = 413 - 282. Let n = a + x. What is the units digit of n?
3
Suppose 103*u - 101*u = -b + 3227, 2*b - u - 6429 = 0. What is the units digit of b?
7
Let t = 24036 - -20301. What is the ten thousands digit of t?
4
Let p = -2260 - -1306. Let d = 1638 + p. What is the tens digit of d?
8
Let c(h) = 4*h**2 - 113*h - 642. What is the ten thousands digit of c(91)?
2
Let d(n) = 20*n**3 - 2 - 45*n**3 - n**2 + 41*n**3 - 37*n**3. Suppose -5*z = 15 - 5. What is the hundreds digit of d(z)?
1
Let l(k) = k**3 - 92*k**2 + 183*k + 375. What is the thousands digit of l(91)?
8
Let l = -177 + 612. Suppose 2*w - 985 = l. What is the tens digit of w?
1
Suppose 3279 = -3*x - 5*i, -6*i + 2170 = -2*x - 4*i. Let m = -617 - x. What is the units digit of m?
1
Let q be (-18)/(-12)*(1391 - (-1 + 4)). Suppose -5*n + q - 147 = 0. What is the tens digit of n?
8
Suppose -3*c = 3*s + 156, -3*c + 5*s = 9*s + 155. Let f = c - -703. What is the tens digit of f?
5
Let i = 22 - 21. What is the hundreds digit of 289 - 11 - (i + -2)?
2
Let g = 35 - 30. Let x(d) = d**2 - 4*d - 3. Let o be x(g). Suppose 102 + 54 = o*w. What is the tens digit of w?
7
Let z = 3436 - 304. What is the units digit of z?
2
Let d(n) = -31*n + 87. Let s be d(-11). Suppose -s*h + 421*h = -8204. What is the units digit of h?
2
Let z be 6/(-3) + -2 - (-6)/1. Suppose -d + 1338 = z*s, -2*d + 5*s + 435 = -2196. What is the thousands digit of d?
1
Suppose 6609 = 2*o + 5*l, -3*o - 4*l + 6909 + 3008 = 0. What is the thousands digit of o?
3
What is the ten thousands digit of (-741876)/(-18) + 0 + (4 - 91/21)?
4
Let x = 62 - 52. Suppose -22 = -8*f + x. What is the hundreds digit of (303 - 1)/(3 + -5 + f)?
1
Let m(w) = -94*w. Let q be m(-1). Let x be q - ((-3)/(-18) - 21/18). Let l = x - 14. What is the units digit of l?
1
Let o(q) = -8*q + 8. Let i be (8/(-6))/(16/(-24)). Suppose -7*u - 117 = i*u. What is the tens digit of o(u)?
1
Let t = 172 + -170. Suppose 2*r + t*y = 4*r - 758, 0 = 4*r - 5*y - 1520. What is the units digit of r?
5
Suppose -11808 - 1082208 = -111*g. What is the thousands digit of g?
9
Let x be -3*(-2 + -57 + 1). Let s = x + 70. Suppose 0*c + 4*c = s. What is the tens digit of c?
6
Suppose -l - 1694 = -5*l + 3*q, 0 = 2*q - 4. Let b = l + -230. What is the units digit of b?
5
Suppose 3*u = 4*h - 18, 3*h + 4*u - 2*u = 5. Suppose -4*x = -0